8.
-74615
-305b (base 15) to base 3
-112000012
What is 2211223 (base 4) in base 11?
7a6a
152 (base 13) to base 16
ec
What is -2826 (base 11) in base 9?
-5014
-aac (base 13) to base 15
-822
What is 106 (base 8) in base 12?
5a
Convert 59c (base 13) to base 15.
44e
What is 5511 (base 6) in base 10?
1267
What is -a727 (base 16) in base 9?
-64625
What is -100143 (base 5) in base 14?
-1229
13131 (base 5) to base 7
3015
21314 (base 5) to base 10
1459
What is 41032 (base 7) in base 14?
38c2
-1136 (base 8) to base 11
-501
2033 (base 6) to base 8
705
48552 (base 9) to base 11
22491
What is -1166 (base 8) in base 7?
-1560
3450 (base 6) to base 10
822
Convert 1001011100000 (base 2) to base 4.
1023200
Convert -48b (base 12) to base 13.
-407
13222033 (base 4) to base 16
7a8f
What is 340 (base 6) in base 2?
10000100
11413 (base 7) to base 10
2950
-1110 (base 5) to base 15
-a5
What is -376 (base 10) in base 13?
-22c
-22122110 (base 3) to base 11
-4810
What is 93a (base 11) in base 8?
2154
What is -1753 (base 12) in base 15?
-c69
What is -2716 (base 14) in base 13?
-3193
What is 1000001011 (base 2) in base 9?
641
11322 (base 5) to base 8
1505
Convert 11023 (base 4) to base 9.
407
100e (base 16) to base 3
12122020
Convert 96f (base 16) to base 13.
113a
2758 (base 10) to base 8
5306
381 (base 10) to base 12
279
64 (base 9) to base 5
213
46a (base 11) to base 14
2c0
What is 3767 (base 8) in base 5?
31124
264 (base 13) to base 9
516
What is 116053 (base 7) in base 11?
15008
-10468 (base 9) to base 10
-6947
Convert 1203210 (base 4) to base 10.
6372
-a46 (base 13) to base 7
-5045
Convert -14002 (base 7) to base 6.
-25251
Convert 24146 (base 7) to base 16.
1871
Convert -537 (base 8) to base 16.
-15f
-2212232 (base 4) to base 9
-15565
What is 3926 (base 10) in base 12?
2332
Convert 3454 (base 6) to base 3.
1010121
-21220220 (base 3) to base 9
-7826
What is 1879 (base 10) in base 6?
12411
Convert 412 (base 7) to base 9.
247
-12323 (base 4) to base 16
-1bb
-2021333 (base 5) to base 13
-11b7a
-1787b (base 13) to base 14
-12786
What is 1202 (base 6) in base 3?
101202
-793 (base 13) to base 8
-2427
What is 10db (base 15) in base 5?
103311
-202200100 (base 3) to base 4
-3223203
-2132033 (base 4) to base 12
-5a3b
1b6 (base 14) to base 15
18b
-21021022 (base 3) to base 9
-7238
cb9 (base 14) to base 15
b2a
Convert 1a54 (base 14) to base 9.
6488
3434 (base 10) to base 6
23522
341 (base 14) to base 12
459
-965 (base 15) to base 6
-13452
Convert 1ac6 (base 15) to base 7.
22641
-95a (base 16) to base 13
-1122
Convert -332b (base 14) to base 2.
-10001010011011
Convert 10100010001001 (base 2) to base 16.
2889
What is 2740 (base 13) in base 6?
42021
-5463 (base 8) to base 4
-230303
-3244002 (base 5) to base 13
-1c716
Convert -1001100100100111 (base 2) to base 13.
-14acc
What is 94 (base 15) in base 16?
8b
What is 105 (base 11) in base 15?
86
58 (base 12) to base 13
53
Convert -17a (base 15) to base 5.
-2330
What is 353 (base 8) in base 7?
454
3956 (base 11) to base 14
1c35
-4153 (base 10) to base 4
-1000321
-211220112 (base 3) to base 8
-40474
Convert -102021121 (base 3) to base 13.
-3988
What is -3354 (base 6) in base 9?
-1067
What is 111b (base 13) in base 16?
956
What is 839a (base 13) in base 4?
10130202
-56a (base 13) to base 15
-423
-1243340 (base 6) to base 4
-100221030
52536 (base 7) to base 15
3c93
What is -1000001000111 (base 2) in base 11?
-3149
Convert -9ff5 (base 16) to base 14.
-10ccd
What is 27416 (base 8) in base 9?
17464
-5b67 (base 14) to base 5
-1002332
b51 (base 12) to base 6
11341
Convert 2113 (base 8) to base 14.
587
Convert 263 (base 10) to base 12.
19b
-525 (base 11) to base 4
-21320
What is 303031 (base 5) in base 4?
2120212
1864 (base 10) to base 12
10b4
21001 (base 3) to base 6
514
-1a49 (base 14) to base 6
-34025
4421 (base 5) to base 9
748
What is -a2a (base 13) in base 2?
-11010111110
Convert -111011010 (base 2) to base 7.
-1245
Convert 11103 (base 5) to base 14.
3d8
What is -5504 (base 7) in base 8?
-3654
What is 665 (base 11) in base 2?
1100011101
Convert -2be9 (base 15) to base 4.
-2103210
What is 14c62 (base 13) in base 8?
115041
5106 (base 9) to base 10
3732
-2bd (base 15) to base 8
-1164
Convert -5c23 (base 13) to base 9.
-18801
Convert -41113 (base 5) to base 6.
-20150
What is 52973 (base 10) in base 8?
147355
20aa5 (base 11) to base 9
45877
-180d (base 14) to base 16
-10e5
-20120101 (base 3) to base 14
-1a61
Convert -4a4 (base 16) to base 2.
-10010100100
What is 2203 (base 15) in base 3?
100212210
Convert -5d51 (base 15) to base 12.
-b604
Convert 20454 (base 6) to base 8.
5322
6b (base 14) to base 11
87
Convert 16998 (base 10) to base 5.
1020443
What is -626 (base 8) in base 13?
-253
Convert 3321 (base 4) to base 15.
119
What is 10203101 (base 4) in base 9?
27512
What is -311110 (base 5) in base 12?
-5a63
What is -35044 (base 7) in base 5?
-241300
1197 (base 14) to base 9
4184
-2537 (base 10) to base 8
-4751
3200 (base 6) to base 5
10340
2286 (base 12) to base 11
2987
-6034 (base 7) to base 12
-1257
What is -dc07 (base 14) in base 7?
-215610
-4 (base 10) to base 13
-4
What is 10300 (base 10) in base 16?
283c
-1445 (base 7) to base 2
-1000111100
-6063 (base 9) to base 7
-15630
What is -5912 (base 14) in base 16?
-3c8c
Convert -2742 (base 14) to base 10.
-6918
-412054 (base 7) to base 5
-4222404
-1300 (base 5) to base 6
-532
What is 100011010001001 (base 2) in base 11?
12626
20032 (base 4) to base 10
526
What is -6d0d (base 15) in base 8?
-55224
What is 26b (base 13) in base 10?
427
84c (base 14) to base 8
3144
1100112 (base 3) to base 13
5ab
-101010100101 (base 2) to base 6
-20341
What is -10110000001000 (base 2) in base 6?
-124104
Convert 36 (base 10) to base 6.
100
-3113 (base 5) to base 4
-12120
-f14 (base 16) to base 5
-110420
-28c (base 13) to base 5
-3304
What is 132322 (base 5) in base 7?
21363
102514 (base 7) to base 3
220100101
Convert -231201 (base 4) to base 3.
-10222220
120222 (base 3) to base 9
528
c831 (base 14) to base 8
103353
What is 42a1 (base 12) in base 2?
1110010011001
Convert -211001 (base 6) to base 4.
-10022221
1220200 (base 3) to base 10
1395
528 (base 9) to base 14
22b
What is -55276 (base 8) in base 7?
-124504
Convert -10232 (base 5) to base 14.
-376
-121111 (base 3) to base 8
-675
Convert -45 (base 14) to base 13.
-49
1716 (base 12) to base 15
c39
Convert 332 (base 9) to base 13.
17c
Convert -13231011 (base 4) to base 11.
-21789
Convert -1233222 (base 4) to base 5.
-212041
7745 (base 9) to base 7
22436
Convert 41331 (base 5) to base 10.
2716
Convert -134342 (base 5) to base 4.
-1113131
Convert 10130022 (base 4) to base 14.
68b0
-4122 (base 8) to base 10
-2130
What is -158 (base 11) in base 10?
-184
What is -560 (base 7) in base 2?
-100011111
Convert -256 (base 12) to base 14.
-1b4
Convert 82 (base 14) to base 15.
79
Convert 10287 (base 9) to base 4.
1222102
-629 (base 10) to base 2
-1001110101
Convert 565 (base 9) to base 6.
2052
3426 (base 7) to base 4
103131
What is -13162 (base 13) in base 10?
-35401
What is -3385 (base 10) in base 14?
-133b
What is 3331133 (base 4) in base 9?
24225
What is -12626 (base 9) in base 13?
-3b61
-51a (base 15) to base 4
-101332
What is 471 (base 8) in base 7?
625
Convert -1388 (base 14) to base 2.
-110101111100
What is 1328 (base 14) in base 4?
310220
What is -5533 (base 6) in base 14?
-677
What is -111011010 (base 2) in base 16?
-1da
What is 44203 (base 6) in base 4?
1133223
What is 3c0 (base 15) in base 4?
31113
What is -1242 (base 10) in base 6?
-5430
2555 (base 6) to base 2
1010000111
Convert -243244 (base 6) to base 9.
-32421
What is -2266 (base 9) in base 7?
-4620
Convert 5385 (base 11) to base 16.
1bc7
-3214 (base 5) to base 16
-1b2
What is 3343332 (base 5) in base 12?
2a329
Convert -3366 (base 10) to base 5.
-101431
Convert 161 (base 14) to base 3.
101102
What is 9af (base 16) in base 4?
212233
What is 5550 (base 7) in base 5?
30440
Convert 5521 (base 6) to base 9.
1664
-3215 (base 10) to base 5
-100330
What is 1c29 (base 14) in base 3?
21001010
-1e3 (base 15) to base 14
-234
Convert 10001101000 (base 2) to base 7.
3201
Convert 31213 (base 6) to base 16.
1059
Convert 2242 (base 5) to base 2.
101000010
Convert -1202002 (base 3) to base 8.
-2367
What is -44a (base 14) in base 1